) be the first derivative of -3*y**2 - 120*y - 91. Let q be c(-21). What is the greatest common divisor of q and 5?
1
Let g be 2118/(-4) + (-27)/(-54). Let r = -528 - g. Let x be 37/5 - (-2)/(-5). Calculate the greatest common divisor of r and x.
1
Let u = -391 + 539. What is the greatest common divisor of u and 185?
37
Let f = -8122 - -8142. Let a = 7 + -4. Suppose 308 = a*i + 4*d, 2*d = -i - d + 106. What is the greatest common divisor of i and f?
20
Suppose 4*a = l + 211, -4*l - 3 = 9. Let d be 67/2 + 1/2. Let r be -4 + ((-1)/1)/((-2)/d). What is the greatest common factor of r and a?
13
Suppose 3*q + 3*u + 208 = 5*q, 5*q - 4*u = 534. Let n = 216 - 216. Suppose -5*l - q = -4*a, n = -2*l - 4. Calculate the highest common factor of a and 100.
25
Suppose 140 = 7*g - 3*g. Suppose x = -3*b + 106, 0 = 4*b - 4*x - 171 + g. Suppose -4*n + 24 + 4 = 0. Calculate the greatest common factor of n and b.
7
Let o = 9914 + -9613. What is the highest common divisor of 688 and o?
43
Let x be (-2)/7 + 602/49 + -8. Suppose 12 = x*m - 8. What is the highest common divisor of m and 25?
5
Suppose 5051 - 1451 = 50*n. What is the greatest common factor of 9000 and n?
72
Let q = 194 + -116. Let u = 423 + -396. Let f be u + -5 - (-11 + 7). Calculate the greatest common factor of q and f.
26
Let p(v) = -11*v**2 + 2*v - 5. Suppose -2 = -w - 4*f, 4*f + 2 = 2*w - w. Let b be p(w). Let c = -23 - b. Calculate the highest common divisor of 22 and c.
22
Let c = -259 - -387. Let i be (88/(-110))/(2/(-240)). Calculate the greatest common divisor of i and c.
32
Suppose -1000*s + 212 = -897*s - 1642. Calculate the highest common factor of 8064 and s.
18
Let s be (-3)/((-6)/(-8)) - -65. Suppose 0 = s*r - 55*r - 792. Suppose 17 = -4*p + 65. Calculate the highest common factor of p and r.
12
Let l(g) = 4*g**2 + 33*g + 58. Let y be l(-13). What is the greatest common divisor of 1403 and y?
61
Suppose 52 = 170*t - 168*t - 4*w, -2*t + 25 = 5*w. Calculate the greatest common divisor of t and 54.
2
Let b be (-1)/((-3)/699) + 1. Let i = 14 + -40. Let p = 65 + i. Calculate the greatest common factor of b and p.
39
Let n = -217 - -216. Let u be -9 + 4 - 16*n/2. Calculate the highest common divisor of 6 and u.
3
Let p(j) = -2*j**2 - 2*j + 23. Let o = 10 - 16. Let f be p(o). Let a = 42 + f. Calculate the greatest common factor of a and 25.
5
Let r be ((-2)/6)/(8/(-312)). Suppose -16*q + r*q = 144. Let a = -44 - q. Calculate the greatest common factor of 8 and a.
4
Suppose 167*y - 4805 - 9699 = -810. Let k be 3 + (-2 - 2) - -124. Calculate the highest common divisor of k and y.
41
Let h(y) = 18*y - 5*y**2 - 5 - 4 + 2 + 0 - y**3. Let r be h(-8). Let c = 67 - r. Calculate the greatest common divisor of c and 13.
13
Let s be (-18)/(-72)*132 - 23. What is the highest common factor of 32360 and s?
10
Suppose -37*b - 5810 = -120*b. Suppose 0 = 5*j + 372 - 1247. Calculate the highest common divisor of j and b.
35
Let z = -25 - -117. Suppose -z = -2*c + 20. Calculate the greatest common divisor of c and 7.
7
Let p = -132 - -207. Let b(g) = -g**2 - 37*g + 845. Let v be b(-47). Calculate the highest common divisor of p and v.
75
Let p be (-13)/2 + (-153)/102. Let q(k) = k**2 + 8*k + 16. Let a be q(p). Let t be 4/14 + 6036/42. Calculate the highest common factor of a and t.
16
Let z be (-625)/(-25)*4732/65. What is the greatest common factor of 1540 and z?
140
Suppose -3*d + 652 - 211 = 2*s, 0 = -4*s + 5*d + 1091. Let b be (415/(-2))/(2/(-4)). Calculate the greatest common factor of b and s.
83
Let v(t) = 7*t**2 + 43*t + 3. Let w be v(-6). Let d be (-6)/(w*2/66). Calculate the highest common factor of d and 12.
6
Let l(v) = -2*v**3 - 308*v**2 + 312*v + 394. Let t be l(-155). What is the greatest common factor of 14028 and t?
84
Let b(z) = -z**2 + 7*z + 7. Let u be b(7). Let r(s) = -109 - 5*s**2 + 213 - 27*s - 107. Let k be r(-5). Calculate the highest common factor of k and u.
7
Suppose 46*l = 3*l. Let y(r) = 13*r + 16. Let q be y(l). Calculate the greatest common divisor of 752 and q.
16
Suppose -7*g + 2*g = -3*y + 513, 6*g = 11*g. Calculate the greatest common divisor of 123 and y.
3
Let l = 10451 - 10355. What is the highest common factor of 876 and l?
12
Suppose 0*o = -5*o. Let g(t) = -3*t**2 - 4*t + 17. Let z be g(-3). Suppose -z*m + 63 - 9 = o. Calculate the highest common divisor of 108 and m.
27
Let m be 957/27 + (-328)/(-72) + -5. What is the greatest common factor of m and 1015?
35
Let r be (1/(-2))/(115/40 - 3). Suppose -3*z - r*b + 62 = 0, -z - 5*b = -3 - 25. Suppose 0 = -z*x + 15*x + 42. Calculate the highest common divisor of 35 and x.
7
Suppose 47*x + 23*x - 34860 = 0. Calculate the greatest common divisor of 438 and x.
6
Let d(h) = 323*h**3 + 9*h + 10. Let j be d(-1). Let i = j + 336. What is the highest common divisor of 49 and i?
7
Let j(p) = -3*p + 24. Let g be j(-10). Let m = g - -86. Suppose -8*o + 4*o = -4*w - 336, -2*o = 5*w - m. What is the greatest common factor of 20 and o?
20
Let d(w) = -w**2 - 5*w + 88. Let m be d(6). Suppose 39*i = m*i + 3162. Calculate the greatest common divisor of 496 and i.
62
Let r = 432 - 467. Suppose -2*l + 3*u = -8 - 17, -30 = -2*l - 2*u. Let v be l/r*(-6 + 1). What is the highest common divisor of 18 and v?
2
Suppose -222*l + 215*l + 2170 = 0. Calculate the highest common divisor of l and 682.
62
Let r = 84 - 66. Suppose r*i = 15*i + 6. Suppose 3*x - 39 = -3*j, 4*j = i - 6. What is the highest common divisor of 42 and x?
14
Let k(z) = -z**2 + 59*z - 269. Let t be k(33). What is the highest common factor of t and 248?
31
Let z(p) = -p**2 + 5*p + 10. Let h be z(2). Suppose 288 = h*n + 8*n. Calculate the highest common factor of n and 348.
12
Let q(r) = -r**3 + 9*r**2 + 37*r + 6. Let n be q(7). Calculate the greatest common factor of 2783 and n.
121
Let l(v) = v**3 - 5*v**2 - 17*v + 14. Let r = -25 + 32. Let d be l(r). Let w be 3 + -4*d/4. What is the greatest common factor of 25 and w?
5
Let h(g) = -224*g**3 - 5*g**2 - 3*g - 1. Let n be h(-1). Suppose -p - 20 = -6*p. Suppose -65 = -p*d - d. What is the greatest common factor of n and d?
13
Suppose -3*x = 3*a - 7*a + 571, 0 = 5*x + 2*a + 969. Let o = x + 440. What is the highest common divisor of o and 26?
13
Suppose 19*h + 23*h = 1386. Suppose 0 = 5*w - 3*q + 15, 2*q + 2 - 12 = 0. Let l be w + 6*4/8. Calculate the highest common factor of l and h.
3
Suppose -1117 = 5*n - 33937. What is the highest common factor of n and 12?
12
Suppose 64*g + 116*g - 1328157 - 1194183 = 0. Calculate the highest common divisor of g and 81.
81
Suppose 3*c + 245 = -97. Let d be (-2)/(-19) + 12/c. Suppose d = -6*g - 6*g + 1632. Calculate the greatest common factor of 17 and g.
17
Suppose -28*a + 14 = -27*a. Suppose 0 = -26*g + 5420 + 6228. What is the greatest common divisor of a and g?
14
Suppose 253 = u + 4*h, -2*u + 541 = 40*h - 39*h. Calculate the greatest common factor of 56 and u.
7
Let o be 948 - (108 - 102)/(4 - 1). What is the highest common divisor of 43 and o?
43
Suppose -11 - 97 = -3*c. Suppose -32*f + c*f - 128 = 0. Let s be (19/2 + -4)*f. What is the highest common factor of s and 22?
22
Let o(s) = 5*s + 12. Suppose 15*m + 684 = 9*m. Let p = -116 - m. Let x be o(p). What is the highest common divisor of 38 and x?
2
Let u = 56 + -63. Let m be (-3)/u - 62/14. Let n be (40 - -1) + (64/(-4))/m. Calculate the highest common factor of 15 and n.
15
Let j(x) = 51*x**2 + 24 - 10*x + 20 + 17 + 7*x - 64. Suppose c + 1 = -0. Let n be j(c). What is the highest common factor of n and 3?
3
Let c = -611 - -1127. Suppose 0 = -19*o + c + 852. What is the highest common factor of o and 48?
24
Let k be (-22992)/10*(-405)/(-54). Let u be 12/42 + k/(-14). Suppose 0 = -4*s + 15*s - u. Calculate the highest common divisor of s and 14.
14
Suppose 70*g + 6013 = 2*r + 67*g, 5*g = 4*r - 12023. What is the greatest common divisor of r and 38?
38
Let k(z) = -20*z**2 + 11*z + 14. Let j be k(-2). Let c be (-3)/9 - 32/3. Let m be j/22 - (c + 1). What is the highest common factor of 48 and m?
6
Let v be 0*((-50)/5 - -9). Suppose 56*k - 57*k = 2*b - 808, b - k - 410 = v. What is the highest common factor of 14 and b?
14
Let s be (-3)/(-2) + (623/(-2))/7. Let z = 71 + s. Suppose 20*x = 18*x + z. Calculate the greatest common divisor of 28 